 divided by 10?
4
Let a = 2686 + -1782. What is the remainder when a is divided by 101?
96
Suppose t = 5*t - 112. Let d(b) = -200*b - 1074. What is the remainder when d(-6) is divided by t?
14
Let k(l) = -2*l**3 + 40*l**2 + 37*l + 109. Let g be k(21). Let y(d) = 4*d**3 + 2 - 2*d - 5*d**2 - 3 - 2*d**3. What is the remainder when 231 is divided by y(g)?
36
Suppose 5497*g - 5504*g = -2072. Calculate the remainder when g is divided by 50.
46
Suppose 2*x + 5*s = 55, -2*s = -2*x + 54 - 6. Let b(q) = 3*q - x + 1 - 9 + 0*q. Calculate the remainder when b(17) is divided by 7.
4
Suppose -4*c + 2*j = -200, 4*j + 74 + 11 = c. Suppose x - 3*x = -264. What is the remainder when x is divided by c?
42
What is the remainder when (3109 - -5)*(12/30 - (-8)/30) is divided by 130?
126
Suppose 3*o + 30 + 14 = -j, -4*j - 8 = 0. Let q = -322 + 292. What is the remainder when 96 is divided by q/(-105) - 276/o?
16
Let i(c) = -c**3 - c**2 - 2*c + 8. Suppose -4*z + 560 = 30*s, -2*z - 34*s = -30*s - 192. Calculate the remainder when i(-7) is divided by z.
76
Let a(v) = -6*v - 21. Let r(m) = -2*m**3 - 6*m**2 - 3*m. Calculate the remainder when r(-4) is divided by a(-6).
14
Let i be (-69)/46*5/((-45)/(-3246)). Let l = i + 544. What is the remainder when 14 is divided by l?
2
Suppose -576 = 4*i - 5*l - 2398, -l = -6. Calculate the remainder when 476 is divided by i.
13
Suppose -13*p + 14*p - 2055 = -5*h, -5*h = -2*p - 2070. Let b = 428 - h. What is the remainder when 733 is divided by b?
13
Let z be 14 + (-21)/(-3 + 6). Calculate the remainder when 2297/z - (-2)/(-14) is divided by 30.
28
What is the remainder when 1302 is divided by 2 - (27/81)/(1/(-129))?
42
Let k = -3 + 15. Suppose 20*n - 840 = k*n. Suppose 3*m - 6*m + 2*c + 160 = 0, 3*c = 2*m - n. Calculate the remainder when m is divided by 20.
14
Let j = 219 + -148. Calculate the remainder when j is divided by 62/12*(-11 + 14) - 7/14.
11
Let i = 249 + 231. Let g = 6250 - 6213. Calculate the remainder when i is divided by g.
36
Let a = -27 - -70. Suppose -2*w - 2*v = -34, -196*w + 3*v = -191*w - 133. What is the remainder when a is divided by w?
20
Let f = 53 + -36. Let g(b) = -b**3 + 10*b**2 - 11*b + 308. Calculate the remainder when g(11) is divided by f.
15
Let i = 443 + -114. Let j = -313 + i. Calculate the remainder when j is divided by 13.
3
Calculate the remainder when 188 is divided by -1 + 21 + 45/99*-11.
8
Suppose 16*f = 5*f + 3*f + 14856. Calculate the remainder when f is divided by 93.
90
Let o = 918 - 916. Suppose 2*h = o*u + 3*h - 57, 5*h = 5. What is the remainder when u is divided by 15?
13
Let a be -5*8/(-32)*1216/2. Let b = 781 - a. Suppose -2*n - 204 = -5*i, n + 38 = i + 2*n. Calculate the remainder when i is divided by b.
19
Let m(r) = -2*r**2 - 7*r + 6. Let f be m(-4). Suppose -f*y = -5*k - 73, -20*y = -22*y + k + 69. What is the remainder when 120 is divided by y?
18
Suppose -4*g + 0*l + 2*l = -10, 5*l - 14 = -3*g. Suppose -2*z + 82 = 4*v, z - g*v = -3*z + 142. What is the remainder when 106 is divided by z?
32
Let y(a) = a**2 + 121*a - 369. Calculate the remainder when 1538 is divided by y(3).
2
What is the remainder when 554 is divided by 22 + (-1 + 1 - -10)?
10
Suppose 0 = -b - 4*r + 337, 4*b + 14*r = 15*r + 1314. Calculate the remainder when b is divided by 45.
14
Let q(f) = f**3 + 13*f**2 + 27*f - 8. Let r be q(-9). Suppose 159 = 2*z + r. Calculate the remainder when 256 is divided by z.
41
Let y = 409 - 179. Let i = y - 209. What is the remainder when i is divided by 19?
2
What is the remainder when 693 is divided by 8*1 + (313 - (88 + -45))?
137
Suppose 0 = 2*d + 25 - 33. Calculate the remainder when (-251)/(-3) - (8/d)/(-6) is divided by 29.
26
What is the remainder when 27 is divided by 129/(-15)*-3 - (-8)/(-10)?
2
Suppose 4*x - 6 = 30. Suppose -s + 70 = 22. Suppose 0 = -2*h - 5*u + 45 - 0, -4*h + 4*u = -s. What is the remainder when h is divided by x?
6
Let u = 11050 + -11003. What is the remainder when 3992 is divided by u?
44
Let v be 2/(-17) - -4*(-27)/(-51). Suppose 66 = v*m - m + 5*i, -3*m + 2*i + 232 = 0. Calculate the remainder when m is divided by 11.
10
Let s(c) = 29*c + 570. What is the remainder when s(-17) is divided by 34?
9
Let f = 214 + -226. Calculate the remainder when (f/5)/(10/(-25)) is divided by 3.
0
Let l = 334 + -334. Let c(s) = -s**3 + 3*s**2 - 2*s + 22. Calculate the remainder when 64 is divided by c(l).
20
Let s = -36686 - -36691. Calculate the remainder when 5503 is divided by s.
3
Suppose -2*v - 4*n + 1194 = 0, 0 = 3*v - 38*n + 36*n - 1791. Calculate the remainder when v is divided by 47.
33
Let s = 21471 + -15667. What is the remainder when s is divided by 1448?
12
Suppose -19*t + 389 = 47. Suppose 3*j - 144 = 3*k, -200 = -4*j - 4*k - 0*k. Calculate the remainder when j is divided by t.
13
Suppose -5*g + 63 = -4*g - 4*y, 43 = g + y. Let v(x) = -x**2 - 16*x + 2. What is the remainder when v(-12) is divided by g?
3
Calculate the remainder when ((-971)/4)/((6/6)/(-4)) is divided by 163.
156
Suppose 0 = -0*m + 47*m - 8983 - 7326. Calculate the remainder when m is divided by 58.
57
Let d(g) = -2*g**3 + 25*g**2 - 19*g - 28. Let m be d(10). Let y = -231 + m. Calculate the remainder when y is divided by 26.
25
Let l(x) = -x**3 - 24*x**2 - 45*x - 12. Suppose 0 = -5*n + 5*g - 23 - 92, -n = 3*g + 19. What is the remainder when (-1000)/(-15) + 2/6 is divided by l(n)?
7
Let m = -624 + 626. What is the remainder when 332 is divided by m/12 - (-6)/144*2012?
80
Let c(l) = 15*l - 78. Let m be c(6). Suppose 140 = m*h - 2*h. Let w(a) = -a**3 - 3*a**2 + a + 5. What is the remainder when w(-4) is divided by h?
3
Let t = 216 - 190. Suppose 5*z - 197 = 218. Calculate the remainder when z is divided by (-104)/t - -22*1.
11
Let r(i) = -2*i + 89. Let d be r(23). Suppose -4*x = -33 - d. Calculate the remainder when x is divided by 12.
7
Suppose -3*o + 232 = -t, 68*o - 4*t = 65*o + 217. What is the remainder when 1814 is divided by o?
76
Suppose 2*v - 2*o = 96, 0 = -3*o + 4 - 16. Calculate the remainder when 517 is divided by v.
33
Suppose -l + f + 4*f + 110 = 0, -3*f = 6. Suppose 2*u + l = 7*u. Let q = -510 + 517. What is the remainder when u is divided by q?
6
Let d(a) = 414*a**2 + 100*a + 201. Calculate the remainder when d(-2) is divided by 83.
80
Let r(y) = -y**3 - 21*y**2 - 42*y + 17. Suppose -2826*h = -2829*h + 114. Calculate the remainder when r(-19) is divided by h.
17
Suppose -16*q - 12*q = -14*q - 854. Calculate the remainder when 296 is divided by q.
52
Let w(r) = -1199*r - 7185. Let s(z) = -2*z**3 + 3*z**3 - 5*z - 3*z**2 + z - 3*z. Calculate the remainder when s(5) is divided by w(-6).
6
Calculate the remainder when 2*-3*(-7947)/18 is divided by 11.
9
Let s(k) = -3*k**2 + 15*k - 13. Let l(t) = -7*t**2 + 30*t - 25. Let v(g) = -3*l(g) + 5*s(g). What is the remainder when 503 is divided by v(4)?
43
Suppose 18*p + 4248 = n + 16*p, -p = 3*n - 12751. Calculate the remainder when n is divided by 115.
110
Suppose 4*l + 0*s = s + 231, -5*s = -5. Calculate the remainder when 214 is divided by l.
40
Calculate the remainder when 20 is divided by ((-5)/2)/(1440/(-2304)) - (-2)/1.
2
Let u(y) = -16*y - 6. Let d = 36 + -28. Suppose -46 + 166 = d*q. What is the remainder when u(-2) is divided by q?
11
Suppose 1816*k + 52 = 1820*k. Let r(i) = i + 8. Let u(m) = -2*m. Let s be u(2). What is the remainder when k is divided by r(s)?
1
Let i = 13730 - 13693. What is the remainder when 303 is divided by i?
7
Suppose 0 = 10*h - 37640 - 112490. Suppose -20*r = 4113 - h. What is the remainder when r is divided by 61?
57
Let a = 15956 - 14621. What is the remainder when a is divided by 230?
185
Let c = -114 - -124. Suppose j = -d - 11 - c, -5*d - 33 = j. What is the remainder when 69 is divided by j/(-2) - 6/(2 - 8)?
9
Let k(y) = y**2 + 8*y - 100. Let g be (-5 + 120/16)*-6. Calculate the remainder when 354 is divided by k(g).
4
What is the remainder when -18 - -103 - (-6 + 22) is divided by 201/7 - (-2)/7?
11
Let p(k) = 433*k - 13 - 104*k - 110*k - 101*k - 110*k. Let b be -2 - (-16*1 + 2). What is the remainder when p(b) is divided by 14?
13
Suppose -j = 3*y - 66, 29*j = 27*j + y + 167. Calculate the remainder when j is divided by 7.
4
Suppose -20*d = -15*d - 2965. What is the remainder when d is 